{"id":100,"date":"2017-10-24T19:26:54","date_gmt":"2017-10-24T19:26:54","guid":{"rendered":"http:\/\/test.nikolaus-kapelle-doerflas.de\/?page_id=100"},"modified":"2024-11-11T18:21:58","modified_gmt":"2024-11-11T18:21:58","slug":"impressum","status":"publish","type":"page","link":"https:\/\/nikolaus-kapelle-doerflas.de\/?page_id=100","title":{"rendered":"Impressum &#038; Datenschutz"},"content":{"rendered":"<p><span style=\"color: #298436; font-size: 12pt;\">Diese Seite wurde gestaltet f\u00fcr den<\/span><\/p>\n<h2><span style=\"font-size: 14pt; color: #298436;\"><strong>F\u00f6rderverein Nikolauskapelle D\u00f6rflas e.V.<\/strong><\/span><\/h2>\n<p><span style=\"color: #298436; font-size: 14pt;\">Ansprechpartner: Hans Peter Pasold (1. Vorsitzender)<\/span><\/p>\n<p><span style=\"color: #298436; font-size: 12pt;\">Umspannwerkstr. 12, 07368 Remptendorf<\/span><\/p>\n<p><span style=\"color: #298436; font-size: 12pt;\">Tel.: 036640\/22414<\/span><\/p>\n<p><span style=\"color: #298436; font-size: 12pt;\">E-Mail: <a style=\"text-decoration: underline; color: #298436;\" href=\"mailto:info@nikolaus-kapelle-doerflas.de\">info@nikolaus-kapelle-doerflas.de<\/a><\/span><\/p>\n<p><strong><span style=\"color: #298436; font-size: 12pt;\">Vereinskonto bei der Kreissparkasse Saale-Orla in Schleiz<\/span><\/strong><\/p>\n<p><span style=\"color: #298436; font-size: 12pt;\">BLZ: 83050505 <\/span><span style=\"color: #298436; font-size: 12pt;\">Konto: 20109<\/span><\/p>\n<p style=\"line-height: 100%; margin-top: 0; margin-bottom: 0;\"><span style=\"font-size: 12pt; color: #298436;\"><span class=\"element\"><b>IBAN: DE08<\/b><\/span><b><span class=\"element bank-code\">8305<\/span><span class=\"element bank-code last\">0505<\/span><span class=\"element bank-account-number\">00000201<\/span><\/b><span class=\"element bank-account-number last\"><b>09 <\/b><\/span><\/span><span id=\"business-identifier-code\" style=\"font-size: 12pt; color: #298436;\"><b>BIC: HELADEF1SOK<\/b><\/span><\/p>\n<h2><strong><span style=\"font-size: 14pt; color: #298436;\">Angaben gem\u00e4\u00df \u00a7 5 TMG<\/span><\/strong><\/h2>\n<h3><span style=\"font-size: 12pt; color: #298436;\"><strong>Domaininhaber und administrativer Ansprechpartner (admin-c):<\/strong><\/span><\/h3>\n<p><span style=\"font-size: 12pt; color: #298436;\"><strong>Horst-Gunther Veldten<\/strong><\/span><\/p>\n<p><span style=\"font-size: 12pt; color: #298436;\">Buchenweg 2, <\/span><span style=\"font-size: 12pt; color: #298436;\">D-49186 Bad Iburg<\/span><\/p>\n<p><span style=\"font-size: 12pt; color: #298436;\">Telefon: (+49) 5403 724030<br \/>\n<\/span><\/p>\n<p><span style=\"font-size: 12pt; color: #298436;\">eMail: <a style=\"text-decoration: underline; color: #298436;\" href=\"mailto:info@veldten.eu\">:info@veldten.eu <\/a><\/span><\/p>\n<p><span style=\"font-size: 12pt; color: #298436;\">Internet: <a style=\"color: #298436;\" href=\"http:\/\/www.veldten.eu\">http:\/\/www.veldten.eu<\/a><\/span><\/p>\n<h3><span style=\"font-size: 12pt; color: #298436;\"><strong>verantwortlich im Sinne des Presserechts:<\/strong><\/span><\/h3>\n<p><span style=\"font-size: 12pt; color: #298436;\"><strong>Horst-Gunther Veldten<\/strong><\/span><\/p>\n<p><span style=\"font-size: 12pt; color: #298436;\">Buchenweg 2, <\/span><span style=\"font-size: 12pt; color: #298436;\">D-49186 Bad Iburg<\/span><\/p>\n<p><span style=\"font-size: 12pt; color: #298436;\"><strong>Gestaltung und Webdesign (Copyright \u00a9 2004-2019):<\/strong><\/span><\/p>\n<p><span style=\"font-size: 12pt; color: #298436;\"><strong>Horst-Gunther Veldten<\/strong><\/span><\/p>\n<p><span style=\"font-size: 12pt; color: #298436;\">Buchenweg 2<\/span><\/p>\n<p><span style=\"font-size: 12pt; color: #298436;\">D-49186 Bad Iburg<\/span><\/p>\n<p><span style=\"font-size: 12pt; color: #298436;\">eMail: <a style=\"color: #298436;\" href=\"mailto:info@veldten.eu\">info@veldten.eu<\/a><\/span><\/p>\n<p><span style=\"font-size: 12pt; color: #298436;\"><strong>Fotos (soweit nicht anders angegeben):<\/strong><\/span><\/p>\n<p><span style=\"font-size: 12pt; color: #298436;\"><strong>Dr. Frotscher, Zeulenroda, Familie Herden,<br \/>\nSch\u00f6ndorf, <\/strong><b>Hans-Peter Pasold<\/b><\/span><\/p>\n<p><span style=\"font-size: 12pt; line-height: 120%; font-family: 'Arial', 'sans-serif'; color: #298436;\">Rechtliche Hinweise<\/span><\/p>\n<p class=\"MsoNormal\" style=\"line-height: 120%; mso-outline-level: 1; margin: 5.0pt 0cm 5.0pt 0cm;\"><span style=\"font-size: 12pt; color: #298436;\"><b style=\"mso-bidi-font-weight: normal;\"><span style=\"line-height: 120%; font-family: 'Arial', 'sans-serif';\">Inhalt<\/span><\/b><\/span><\/p>\n<p class=\"MsoNormal\" style=\"margin-top: 5.0pt; line-height: normal;\"><span style=\"font-size: 12pt; font-family: 'Arial', 'sans-serif'; color: #298436;\">Trotz sorgf\u00e4ltiger Pr\u00fcfung dieser Seiten ist es nicht auszuschlie\u00dfen, dass Informationen typografische Fehler enthalten oder unvollst\u00e4ndig, fehlerhaft bzw. \u00fcberaltert sein k\u00f6nnen. Daher ist eine jederzeitige Gew\u00e4hrleistung und Haftung f\u00fcr Vollst\u00e4ndigkeit und Richtigkeit des Inhalts nicht m\u00f6glich und eine jederzeitige \u00c4nderung, L\u00f6schung oder Aktualisierung ohne vorherige Ank\u00fcndigung vorbehalten. Dieses gilt insbesondere auch f\u00fcr die Termine f\u00fcr Veranstaltungen und Gottesdienste. Bitte informieren Sie sich im Zweifelsfall direkt bei der Kirchengemeinde.<\/span><\/p>\n<p class=\"MsoNormal\" style=\"margin-top: 5.0pt; line-height: normal;\"><span style=\"font-size: 12pt; color: #298436;\"><b style=\"mso-bidi-font-weight: normal;\"><span style=\"font-family: 'Arial', 'sans-serif';\">Links<\/span><\/b><\/span><\/p>\n<p class=\"MsoNormal\" style=\"margin-top: 5.0pt; line-height: normal;\"><span style=\"font-size: 12pt; font-family: 'Arial', 'sans-serif'; color: #298436;\">F\u00fcr externe Links (Webinhalte Dritter) gilt: Die Inhalte verlinkter Seiten sind zum Zeitpunkt der Einbindung auf fremdenfeindliche, rechts- und sittenwidrige Inhalte \u00fcberpr\u00fcft worden. Entsprechende Vorst\u00f6\u00dfe waren nicht erkennbar. Eine st\u00e4ndige Kontrolle ohne vorhandenen Verdacht ist weder jederzeit m\u00f6glich noch zumutbar. Bei Bekanntwerden von solchen Inhalten werde ich die entsprechenden Links sofort l\u00f6schen. F\u00fcr Hinweise bin ich jederzeit dankbar. Kontaktieren Sie mich unter <a style=\"text-decoration: underline; color: #298436;\" href=\"mailto:info@nikolaus-kapelle.de\">info@nikolaus-kapelle.de<\/a>.<\/span><\/p>\n<p class=\"MsoNormal\" style=\"margin-top: 5.0pt; line-height: normal;\"><span style=\"font-size: 12pt; color: #298436;\"><b style=\"mso-bidi-font-weight: normal;\"><span style=\"font-family: 'Arial', 'sans-serif';\">Copyright<\/span><\/b><\/span><\/p>\n<p class=\"MsoNormal\" style=\"margin-top: 5.0pt; line-height: normal;\"><span style=\"font-size: 12pt; font-family: 'Arial', 'sans-serif'; color: #298436;\">Dar Urheberrecht f\u00fcr die Texte und Bilder liegt \u2013 soweit nicht anders angegeben -beim Betreiber dieses Internetauftritts bzw. beim F\u00f6rderverein. Die Verwendung, Verbreitung, Vervielf\u00e4ltigung ist ohne Genehmigung des jeweiligen Rechteinhabers untersagt. Das gilt auch f\u00fcr die Ver\u00f6ffentlichung in den Medien (auch private Homepage). Sollten Sie der Meinung sein, das auf den von mir erstellten Seiten eine Urheber- oder andersartige Rechtsverletzung vorliegen k\u00f6nnte, informieren Sie mich bitte sofort. Eine E-Mail an <a style=\"text-decoration: underline; color: #298436;\" href=\"mailto:info@nikolaus-kapelle-doerflas.de\">info@nikolaus-kapelle-doerflas.de<\/a> reicht. Beim Vorliegen einer Rechtsverletzung wird der entsprechende Inhalt sofort beim Bekanntwerden gel\u00f6scht.<\/span><\/p>\n<p class=\"MsoNormal\" style=\"margin-top: 5.0pt; line-height: normal;\"><span style=\"font-size: 12pt; color: #298436;\"><b style=\"mso-bidi-font-weight: normal;\"><span style=\"font-family: 'Arial', 'sans-serif';\">Datenschutz<\/span><\/b><\/span><\/p>\n<p class=\"MsoNormal\" style=\"margin-top: 5.0pt; line-height: normal;\"><span style=\"font-size: 12pt; font-family: 'Arial', 'sans-serif'; color: #298436;\">Bei der Erstellung dieses Internetauftritts wurde gro\u00dfen Wert auf gro\u00dfen Wert auf die Einhaltungen der Bestimmungen des Datenschutzrechts gelegt. Die Abfrage des Namens und der Emailadresse auf dem Kontaktformular dient nur zur Bearbeitung und Beantwortung Ihrer Anfragen und ist freiwillig.<\/span><\/p>\n<p><span style=\"font-size: 12pt; color: #298436;\"><i><b>Cookies<\/b><\/i><\/span><\/p>\n<p><span style=\"font-size: 12pt; color: #298436;\"><i>Cookies sind Textdateien, die automatisch bei dem Aufruf einer Webseite lokal im Browser des Besuchers abgelegt werden. Diese Website setzt Cookies ein, um das Angebot nutzerfreundlich und funktionaler zu gestalten. Dank dieser Dateien ist es beispielsweise m\u00f6glich, auf individuelle Interessen abgestimmte Informationen auf einer Seite anzuzeigen. Auch Sicherheitsrelevante Funktionen zum Schutz Ihrer Privatsph\u00e4re werden durch den Einsatz von Cookies erm\u00f6glicht. Der ausschlie\u00dfliche Zweck besteht also darin, die Seiten-Nutzung so komfortabel wie m\u00f6glich zu gestalten. Mit Anwendung der DSGVO 2018 sind Webmaster dazu verpflichtet, der unter <a style=\"text-decoration: underline; color: #298436;\" href=\"https:\/\/eu-datenschutz.org\/\" rel=\"noopener\">https:\/\/eu-datenschutz.org\/<\/a> ver\u00f6ffentlichten Grundverordnung Folge zu leisten und seine Nutzer entsprechend \u00fcber die Erfassung und Auswertung von Daten in Kenntnis zu setzen. Die Rechtm\u00e4\u00dfigkeit der Verarbeitung ist in Kapitel 2, Artikel 6 der DSGVO begr\u00fcndet.<\/i><\/span><\/p>\n<p><span style=\"font-size: 12pt; color: #298436;\"><i>Google Analytics<b>Cookies<\/b><\/i><\/span><\/p>\n<p><span style=\"font-size: 12pt; color: #298436;\"><i>Dieses Angebot nutzt ebenfalls den Webanalysedienst Google Analytics, ein Programm der Google Inc. (\u201eGoogle, USA\u201c). Die durch das Tracking erfassten Informationen zu Ihrer Nutzung dieser Website werden auf einem Server von Google in den USA gespeichert. Durch eine sogenannte IP-Anonymisierung wird Ihre IP-Adresse von Google innerhalb von Mitgliedstaaten der Europ\u00e4ischen Union oder in anderen Vertragsstaaten des Abkommens \u00fcber den Europ\u00e4ischen Wirtschaftsraum zuvor gek\u00fcrzt. Somit ist der Standort Ihres Browsers lediglich regional zuortbar, nicht aber ihrer Person. Google kann Besucherverhalten auswerten, um Reports \u00fcber die Websiteaktivit\u00e4ten zusammenzustellen. Auch weitere mit der Websitenutzung und der Internetnutzung verbundene Dienstleistungen k\u00f6nnen so gegen\u00fcber dem Websitebetreiber erbracht werden.<\/i><\/span><\/p>\n<pre><span style=\"font-size: 12pt; color: #298436;\">Quelle: Datenschutz-Vorlage mit freundlicher Genehmigung von Website Tutor.<\/span><\/pre>\n","protected":false},"excerpt":{"rendered":"<p>Diese Seite wurde gestaltet f\u00fcr den F\u00f6rderverein Nikolauskapelle D\u00f6rflas e.V. Ansprechpartner: Hans Peter Pasold (1. Vorsitzender) Umspannwerkstr. 12, 07368 Remptendorf Tel.: 036640\/22414 E-Mail: info@nikolaus-kapelle-doerflas.de Vereinskonto bei der Kreissparkasse Saale-Orla in Schleiz BLZ: 83050505 Konto: 20109 IBAN: DE08830505050000020109 BIC: HELADEF1SOK Angaben gem\u00e4\u00df \u00a7 5 TMG Domaininhaber und administrativer Ansprechpartner (admin-c): Horst-Gunther Veldten Buchenweg 2, D-49186 Bad<\/p>\n<p class=\"more-link\"><a href=\"https:\/\/nikolaus-kapelle-doerflas.de\/?page_id=100\" class=\"themebutton2\">Read More<\/a><\/p>\n","protected":false},"author":3,"featured_media":0,"parent":0,"menu_order":0,"comment_status":"closed","ping_status":"closed","template":"","meta":{"_mc_calendar":[],"footnotes":""},"categories":[],"tags":[],"class_list":["post-100","page","type-page","status-publish","hentry"],"_links":{"self":[{"href":"https:\/\/nikolaus-kapelle-doerflas.de\/index.php?rest_route=\/wp\/v2\/pages\/100","targetHints":{"allow":["GET"]}}],"collection":[{"href":"https:\/\/nikolaus-kapelle-doerflas.de\/index.php?rest_route=\/wp\/v2\/pages"}],"about":[{"href":"https:\/\/nikolaus-kapelle-doerflas.de\/index.php?rest_route=\/wp\/v2\/types\/page"}],"author":[{"embeddable":true,"href":"https:\/\/nikolaus-kapelle-doerflas.de\/index.php?rest_route=\/wp\/v2\/users\/3"}],"replies":[{"embeddable":true,"href":"https:\/\/nikolaus-kapelle-doerflas.de\/index.php?rest_route=%2Fwp%2Fv2%2Fcomments&post=100"}],"version-history":[{"count":20,"href":"https:\/\/nikolaus-kapelle-doerflas.de\/index.php?rest_route=\/wp\/v2\/pages\/100\/revisions"}],"predecessor-version":[{"id":2257,"href":"https:\/\/nikolaus-kapelle-doerflas.de\/index.php?rest_route=\/wp\/v2\/pages\/100\/revisions\/2257"}],"wp:attachment":[{"href":"https:\/\/nikolaus-kapelle-doerflas.de\/index.php?rest_route=%2Fwp%2Fv2%2Fmedia&parent=100"}],"wp:term":[{"taxonomy":"category","embeddable":true,"href":"https:\/\/nikolaus-kapelle-doerflas.de\/index.php?rest_route=%2Fwp%2Fv2%2Fcategories&post=100"},{"taxonomy":"post_tag","embeddable":true,"href":"https:\/\/nikolaus-kapelle-doerflas.de\/index.php?rest_route=%2Fwp%2Fv2%2Ftags&post=100"}],"curies":[{"name":"wp","href":"https:\/\/api.w.org\/{rel}","templated":true}]}}

<p><span style="color: #298436; font-size: 12pt;">Diese Seite wurde gestaltet für den</span></p>
<h2><span style="font-size: 14pt; color: #298436;"><strong>Förderverein Nikolauskapelle Dörflas e.V.</strong></span></h2>
<p><span style="color: #298436; font-size: 14pt;">Ansprechpartner: Hans Peter Pasold (1. Vorsitzender)</span></p>
<p><span style="color: #298436; font-size: 12pt;">Umspannwerkstr. 12, 07368 Remptendorf</span></p>
<p><span style="color: #298436; font-size: 12pt;">Tel.: 036640/22414</span></p>
<p><span style="color: #298436; font-size: 12pt;">E-Mail: <a style="text-decoration: underline; color: #298436;" href="mailto:info@nikolaus-kapelle-doerflas.de">info@nikolaus-kapelle-doerflas.de</a></span></p>
<p><strong><span style="color: #298436; font-size: 12pt;">Vereinskonto bei der Kreissparkasse Saale-Orla in Schleiz</span></strong></p>
<p><span style="color: #298436; font-size: 12pt;">BLZ: 83050505 </span><span style="color: #298436; font-size: 12pt;">Konto: 20109</span></p>
<p style="line-height: 100%; margin-top: 0; margin-bottom: 0;"><span style="font-size: 12pt; color: #298436;"><span class="element"><b>IBAN: DE08</b></span><b><span class="element bank-code">8305</span><span class="element bank-code last">0505</span><span class="element bank-account-number">00000201</span></b><span class="element bank-account-number last"><b>09 </b></span></span><span id="business-identifier-code" style="font-size: 12pt; color: #298436;"><b>BIC: HELADEF1SOK</b></span></p>
<h2><strong><span style="font-size: 14pt; color: #298436;">Angaben gemäß § 5 TMG</span></strong></h2>
<h3><span style="font-size: 12pt; color: #298436;"><strong>Domaininhaber und administrativer Ansprechpartner (admin-c):</strong></span></h3>
<p><span style="font-size: 12pt; color: #298436;"><strong>Horst-Gunther Veldten</strong></span></p>
<p><span style="font-size: 12pt; color: #298436;">Buchenweg 2, </span><span style="font-size: 12pt; color: #298436;">D-49186 Bad Iburg</span></p>
<p><span style="font-size: 12pt; color: #298436;">Telefon: (+49) 5403 724030<br />
</span></p>
<p><span style="font-size: 12pt; color: #298436;">eMail: <a style="text-decoration: underline; color: #298436;" href="mailto:info@veldten.eu">:info@veldten.eu </a></span></p>
<p><span style="font-size: 12pt; color: #298436;">Internet: <a style="color: #298436;" href="http://www.veldten.eu">http://www.veldten.eu</a></span></p>
<h3><span style="font-size: 12pt; color: #298436;"><strong>verantwortlich im Sinne des Presserechts:</strong></span></h3>
<p><span style="font-size: 12pt; color: #298436;"><strong>Horst-Gunther Veldten</strong></span></p>
<p><span style="font-size: 12pt; color: #298436;">Buchenweg 2, </span><span style="font-size: 12pt; color: #298436;">D-49186 Bad Iburg</span></p>
<p><span style="font-size: 12pt; color: #298436;"><strong>Gestaltung und Webdesign (Copyright © 2004-2019):</strong></span></p>
<p><span style="font-size: 12pt; color: #298436;"><strong>Horst-Gunther Veldten</strong></span></p>
<p><span style="font-size: 12pt; color: #298436;">Buchenweg 2</span></p>
<p><span style="font-size: 12pt; color: #298436;">D-49186 Bad Iburg</span></p>
<p><span style="font-size: 12pt; color: #298436;">eMail: <a style="color: #298436;" href="mailto:info@veldten.eu">info@veldten.eu</a></span></p>
<p><span style="font-size: 12pt; color: #298436;"><strong>Fotos (soweit nicht anders angegeben):</strong></span></p>
<p><span style="font-size: 12pt; color: #298436;"><strong>Dr. Frotscher, Zeulenroda, Familie Herden,<br />
Schöndorf, </strong><b>Hans-Peter Pasold</b></span></p>
<p><span style="font-size: 12pt; line-height: 120%; font-family: 'Arial', 'sans-serif'; color: #298436;">Rechtliche Hinweise</span></p>
<p class="MsoNormal" style="line-height: 120%; mso-outline-level: 1; margin: 5.0pt 0cm 5.0pt 0cm;"><span style="font-size: 12pt; color: #298436;"><b style="mso-bidi-font-weight: normal;"><span style="line-height: 120%; font-family: 'Arial', 'sans-serif';">Inhalt</span></b></span></p>
<p class="MsoNormal" style="margin-top: 5.0pt; line-height: normal;"><span style="font-size: 12pt; font-family: 'Arial', 'sans-serif'; color: #298436;">Trotz sorgfältiger Prüfung dieser Seiten ist es nicht auszuschließen, dass Informationen typografische Fehler enthalten oder unvollständig, fehlerhaft bzw. überaltert sein können. Daher ist eine jederzeitige Gewährleistung und Haftung für Vollständigkeit und Richtigkeit des Inhalts nicht möglich und eine jederzeitige Änderung, Löschung oder Aktualisierung ohne vorherige Ankündigung vorbehalten. Dieses gilt insbesondere auch für die Termine für Veranstaltungen und Gottesdienste. Bitte informieren Sie sich im Zweifelsfall direkt bei der Kirchengemeinde.</span></p>
<p class="MsoNormal" style="margin-top: 5.0pt; line-height: normal;"><span style="font-size: 12pt; color: #298436;"><b style="mso-bidi-font-weight: normal;"><span style="font-family: 'Arial', 'sans-serif';">Links</span></b></span></p>
<p class="MsoNormal" style="margin-top: 5.0pt; line-height: normal;"><span style="font-size: 12pt; font-family: 'Arial', 'sans-serif'; color: #298436;">Für externe Links (Webinhalte Dritter) gilt: Die Inhalte verlinkter Seiten sind zum Zeitpunkt der Einbindung auf fremdenfeindliche, rechts- und sittenwidrige Inhalte überprüft worden. Entsprechende Vorstöße waren nicht erkennbar. Eine ständige Kontrolle ohne vorhandenen Verdacht ist weder jederzeit möglich noch zumutbar. Bei Bekanntwerden von solchen Inhalten werde ich die entsprechenden Links sofort löschen. Für Hinweise bin ich jederzeit dankbar. Kontaktieren Sie mich unter <a style="text-decoration: underline; color: #298436;" href="mailto:info@nikolaus-kapelle.de">info@nikolaus-kapelle.de</a>.</span></p>
<p class="MsoNormal" style="margin-top: 5.0pt; line-height: normal;"><span style="font-size: 12pt; color: #298436;"><b style="mso-bidi-font-weight: normal;"><span style="font-family: 'Arial', 'sans-serif';">Copyright</span></b></span></p>
<p class="MsoNormal" style="margin-top: 5.0pt; line-height: normal;"><span style="font-size: 12pt; font-family: 'Arial', 'sans-serif'; color: #298436;">Dar Urheberrecht für die Texte und Bilder liegt – soweit nicht anders angegeben -beim Betreiber dieses Internetauftritts bzw. beim Förderverein. Die Verwendung, Verbreitung, Vervielfältigung ist ohne Genehmigung des jeweiligen Rechteinhabers untersagt. Das gilt auch für die Veröffentlichung in den Medien (auch private Homepage). Sollten Sie der Meinung sein, das auf den von mir erstellten Seiten eine Urheber- oder andersartige Rechtsverletzung vorliegen könnte, informieren Sie mich bitte sofort. Eine E-Mail an <a style="text-decoration: underline; color: #298436;" href="mailto:info@nikolaus-kapelle-doerflas.de">info@nikolaus-kapelle-doerflas.de</a> reicht. Beim Vorliegen einer Rechtsverletzung wird der entsprechende Inhalt sofort beim Bekanntwerden gelöscht.</span></p>
<p class="MsoNormal" style="margin-top: 5.0pt; line-height: normal;"><span style="font-size: 12pt; color: #298436;"><b style="mso-bidi-font-weight: normal;"><span style="font-family: 'Arial', 'sans-serif';">Datenschutz</span></b></span></p>
<p class="MsoNormal" style="margin-top: 5.0pt; line-height: normal;"><span style="font-size: 12pt; font-family: 'Arial', 'sans-serif'; color: #298436;">Bei der Erstellung dieses Internetauftritts wurde großen Wert auf großen Wert auf die Einhaltungen der Bestimmungen des Datenschutzrechts gelegt. Die Abfrage des Namens und der Emailadresse auf dem Kontaktformular dient nur zur Bearbeitung und Beantwortung Ihrer Anfragen und ist freiwillig.</span></p>
<p><span style="font-size: 12pt; color: #298436;"><i><b>Cookies</b></i></span></p>
<p><span style="font-size: 12pt; color: #298436;"><i>Cookies sind Textdateien, die automatisch bei dem Aufruf einer Webseite lokal im Browser des Besuchers abgelegt werden. Diese Website setzt Cookies ein, um das Angebot nutzerfreundlich und funktionaler zu gestalten. Dank dieser Dateien ist es beispielsweise möglich, auf individuelle Interessen abgestimmte Informationen auf einer Seite anzuzeigen. Auch Sicherheitsrelevante Funktionen zum Schutz Ihrer Privatsphäre werden durch den Einsatz von Cookies ermöglicht. Der ausschließliche Zweck besteht also darin, die Seiten-Nutzung so komfortabel wie möglich zu gestalten. Mit Anwendung der DSGVO 2018 sind Webmaster dazu verpflichtet, der unter <a style="text-decoration: underline; color: #298436;" href="https://eu-datenschutz.org/" rel="noopener">https://eu-datenschutz.org/</a> veröffentlichten Grundverordnung Folge zu leisten und seine Nutzer entsprechend über die Erfassung und Auswertung von Daten in Kenntnis zu setzen. Die Rechtmäßigkeit der Verarbeitung ist in Kapitel 2, Artikel 6 der DSGVO begründet.</i></span></p>
<p><span style="font-size: 12pt; color: #298436;"><i>Google Analytics<b>Cookies</b></i></span></p>
<p><span style="font-size: 12pt; color: #298436;"><i>Dieses Angebot nutzt ebenfalls den Webanalysedienst Google Analytics, ein Programm der Google Inc. („Google, USA“). Die durch das Tracking erfassten Informationen zu Ihrer Nutzung dieser Website werden auf einem Server von Google in den USA gespeichert. Durch eine sogenannte IP-Anonymisierung wird Ihre IP-Adresse von Google innerhalb von Mitgliedstaaten der Europäischen Union oder in anderen Vertragsstaaten des Abkommens über den Europäischen Wirtschaftsraum zuvor gekürzt. Somit ist der Standort Ihres Browsers lediglich regional zuortbar, nicht aber ihrer Person. Google kann Besucherverhalten auswerten, um Reports über die Websiteaktivitäten zusammenzustellen. Auch weitere mit der Websitenutzung und der Internetnutzung verbundene Dienstleistungen können so gegenüber dem Websitebetreiber erbracht werden.</i></span></p>
<pre><span style="font-size: 12pt; color: #298436;">Quelle: Datenschutz-Vorlage mit freundlicher Genehmigung von Website Tutor.</span></pre>

<p>Diese Seite wurde gestaltet für den Förderverein Nikolauskapelle Dörflas e.V. Ansprechpartner: Hans Peter Pasold (1. Vorsitzender) Umspannwerkstr. 12, 07368 Remptendorf Tel.: 036640/22414 E-Mail: info@nikolaus-kapelle-doerflas.de Vereinskonto bei der Kreissparkasse Saale-Orla in Schleiz BLZ: 83050505 Konto: 20109 IBAN: DE08830505050000020109 BIC: HELADEF1SOK Angaben gemäß § 5 TMG Domaininhaber und administrativer Ansprechpartner (admin-c): Horst-Gunther Veldten Buchenweg 2, D-49186 Bad</p>
<p class="more-link"><a href="https://nikolaus-kapelle-doerflas.de/?page_id=100" class="themebutton2">Read More</a></p>
