{"id":58,"date":"2017-10-22T20:10:20","date_gmt":"2017-10-22T20:10:20","guid":{"rendered":"http:\/\/test.nikolaus-kapelle-doerflas.de\/?page_id=58"},"modified":"2024-11-11T18:23:20","modified_gmt":"2024-11-11T18:23:20","slug":"die-kirche","status":"publish","type":"page","link":"https:\/\/nikolaus-kapelle-doerflas.de\/?page_id=58","title":{"rendered":"Die Kirche"},"content":{"rendered":"<p><span style=\"color: #008000; font-size: 14pt;\">Begrenz<img loading=\"lazy\" decoding=\"async\" class=\" wp-image-59 alignleft\" src=\"https:\/\/www.nikolaus-kapelle-doerflas.de\/wp-content\/uploads\/2017\/10\/Pict0002-300x227.jpg\" alt=\"\" width=\"382\" height=\"289\" srcset=\"https:\/\/nikolaus-kapelle-doerflas.de\/wp-content\/uploads\/2017\/10\/Pict0002-300x227.jpg 300w, https:\/\/nikolaus-kapelle-doerflas.de\/wp-content\/uploads\/2017\/10\/Pict0002.jpg 630w\" sizes=\"auto, (max-width: 382px) 100vw, 382px\" \/>t\u00a0durch die Saale und die Wisenta liegt auf halber Strecke zwischen Schleiz und\u00a0 Ziegenr\u00fcck am \u00a0europ\u00e4ischen Fernwanderweg E3, in der N\u00e4he des Saale-Radwanderwegs und am Saale-Orla-Wanderweg\u00a0malerisch in die Landschaft des Th\u00fcringer Vogtlandes eingebettet das\u00a0kleine D\u00f6rfchen D\u00f6rflas. <\/span><\/p>\n<p><span style=\"color: #008000; font-size: 14pt;\">Dort wurde 1935 die Kirche urspr\u00fcnglich als Gutskapelle des ehemaligen Rittergutes D\u00f6rflas im Auftrage der damaligen Gutsbesitzer, einer Fabrikantenfamilie aus Gera, errichtet.<span style=\"mso-spacerun: yes;\">\u00a0 <\/span>Als Vorbild diente den Bauherren die Trinitatiskirche in Gera. 1945 ging die Kapelle im Zuge der Bodenreform in den Eigentum der Kirchengemeinde Crispendorf \u00fcber. Das Rittergut wurde durch die damaligen Machthaber 1948 zerst\u00f6rt, und nur die Kapelle blieb der Nachwelt erhalten. In den Jahren 1998 bis 1999 restaurierte eine Initiativgruppe die kleine, inzwischen reichlich zerfallene Kirche, in m\u00fchevoller Eigenarbeit.<span style=\"mso-spacerun: yes;\">\u00a0 <\/span>Am Pfingstmontag<span style=\"mso-spacerun: yes;\">\u00a0 <\/span>1999 wurde das Gotteshaus auf dem Namen des Bischofs Nikolaus von Myra neu geweiht.<span style=\"mso-spacerun: yes;\">\u00a0 <\/span>Seitdem dient sie den jetzigen aber auch ehemaligen Bewohnern von D\u00f6rflas wieder als Gotteshaus. Neben den monatlichen Gottesdiensten werden in der kleinen Kirche nach dem Einbau einer neuen elektronischen Orgel<span style=\"mso-spacerun: yes;\">\u00a0 <\/span>auch geistliche Abendmusiken abgehalten.<span style=\"mso-spacerun: yes;\">\u00a0 <\/span>Auch finden wieder Taufen und andere kirchliche Amtshandlungen statt.<\/span><\/p>\n<p><span style=\"color: #008000; font-size: 14pt;\">In einem Wettbewerb des Mitteldeutschen Rundfunks (MDR) innerhalb der Aktion Schwefelh\u00f6lzchen&#8220; geht die Kapelle im Dezember 2010 als Sieger unter den eingesandten Zuschriften hervor und erringt den Titel &#8222;Kleinste Kirche Mitteldeutschlands&#8220;.<\/span><\/p>\n<p><span style=\"color: #008000; font-size: 14pt;\">Dem interessierten Besucher h\u00e4lt sich das Ehepaar Kn\u00e4schke zum \u00d6ffnen der Nikolaus-Kapelle und zu F\u00fchrungen bereit. Sie finden ihn im zweiten Haus rechts an der Ortsstra\u00dfe (Tel.: 036483 28170) . Amtshandlungen melden Sie bitte \u00fcber das Pfarramt M\u00f6schlitz-Ziegenr\u00fcck &#8211; Pfarrer Matthias Zierold,Tel. 03663 4769350 &#8211; an.<\/span><\/p>\n","protected":false},"excerpt":{"rendered":"<p>Begrenzt\u00a0durch die Saale und die Wisenta liegt auf halber Strecke zwischen Schleiz und\u00a0 Ziegenr\u00fcck am \u00a0europ\u00e4ischen Fernwanderweg E3, in der N\u00e4he des Saale-Radwanderwegs und am Saale-Orla-Wanderweg\u00a0malerisch in die Landschaft des Th\u00fcringer Vogtlandes eingebettet das\u00a0kleine D\u00f6rfchen D\u00f6rflas. Dort wurde 1935 die Kirche urspr\u00fcnglich als Gutskapelle des ehemaligen Rittergutes D\u00f6rflas im Auftrage der damaligen Gutsbesitzer, einer Fabrikantenfamilie<\/p>\n<p class=\"more-link\"><a href=\"https:\/\/nikolaus-kapelle-doerflas.de\/?page_id=58\" class=\"themebutton2\">Read More<\/a><\/p>\n","protected":false},"author":3,"featured_media":0,"parent":0,"menu_order":0,"comment_status":"closed","ping_status":"closed","template":"","meta":{"_mc_calendar":[],"footnotes":""},"categories":[],"tags":[],"class_list":["post-58","page","type-page","status-publish","hentry"],"_links":{"self":[{"href":"https:\/\/nikolaus-kapelle-doerflas.de\/index.php?rest_route=\/wp\/v2\/pages\/58","targetHints":{"allow":["GET"]}}],"collection":[{"href":"https:\/\/nikolaus-kapelle-doerflas.de\/index.php?rest_route=\/wp\/v2\/pages"}],"about":[{"href":"https:\/\/nikolaus-kapelle-doerflas.de\/index.php?rest_route=\/wp\/v2\/types\/page"}],"author":[{"embeddable":true,"href":"https:\/\/nikolaus-kapelle-doerflas.de\/index.php?rest_route=\/wp\/v2\/users\/3"}],"replies":[{"embeddable":true,"href":"https:\/\/nikolaus-kapelle-doerflas.de\/index.php?rest_route=%2Fwp%2Fv2%2Fcomments&post=58"}],"version-history":[{"count":15,"href":"https:\/\/nikolaus-kapelle-doerflas.de\/index.php?rest_route=\/wp\/v2\/pages\/58\/revisions"}],"predecessor-version":[{"id":2258,"href":"https:\/\/nikolaus-kapelle-doerflas.de\/index.php?rest_route=\/wp\/v2\/pages\/58\/revisions\/2258"}],"wp:attachment":[{"href":"https:\/\/nikolaus-kapelle-doerflas.de\/index.php?rest_route=%2Fwp%2Fv2%2Fmedia&parent=58"}],"wp:term":[{"taxonomy":"category","embeddable":true,"href":"https:\/\/nikolaus-kapelle-doerflas.de\/index.php?rest_route=%2Fwp%2Fv2%2Fcategories&post=58"},{"taxonomy":"post_tag","embeddable":true,"href":"https:\/\/nikolaus-kapelle-doerflas.de\/index.php?rest_route=%2Fwp%2Fv2%2Ftags&post=58"}],"curies":[{"name":"wp","href":"https:\/\/api.w.org\/{rel}","templated":true}]}}