{"id":882,"date":"2018-08-08T14:11:55","date_gmt":"2018-08-08T14:11:55","guid":{"rendered":"https:\/\/nikolaus-kapelle-doerflas.de\/?page_id=882"},"modified":"2026-03-18T17:49:20","modified_gmt":"2026-03-18T17:49:20","slug":"home-1","status":"publish","type":"page","link":"https:\/\/nikolaus-kapelle-doerflas.de\/","title":{"rendered":"Home"},"content":{"rendered":"\r\n<p>&nbsp;<\/p>\r\n\r\n<h2 style=\"text-align: center;\"><span style=\"color: #298436;\">Die kleinste Kirche Mitteldeutschlands l\u00e4dt ein f\u00fcr 2026<\/span><\/h2>\r\n<p><img loading=\"lazy\" decoding=\"async\" class=\"wp-image-2320 size-medium aligncenter\" src=\"https:\/\/nikolaus-kapelle-doerflas.de\/wp-content\/uploads\/2025\/04\/IMG_20220101_160018-225x300.jpg\" alt=\"\" width=\"225\" height=\"300\" srcset=\"https:\/\/nikolaus-kapelle-doerflas.de\/wp-content\/uploads\/2025\/04\/IMG_20220101_160018-225x300.jpg 225w, https:\/\/nikolaus-kapelle-doerflas.de\/wp-content\/uploads\/2025\/04\/IMG_20220101_160018-768x1023.jpg 768w, https:\/\/nikolaus-kapelle-doerflas.de\/wp-content\/uploads\/2025\/04\/IMG_20220101_160018.jpg 821w\" sizes=\"auto, (max-width: 225px) 100vw, 225px\" \/> <span style=\"color: #298436; font-size: 14pt;\">Begrenzt durch die Saale und die Wisenta liegt auf halber Strecke zwischen Schleiz und Ziegenr\u00fcck am europ\u00e4ischen Fernwanderweg E3, in der N\u00e4he des Saale-Radwanderwegs und am Saale-Orla-Wanderweg malerisch in die Landschaft des Th\u00fcringer Vogtlandes eingebettet das kleine D\u00f6rfchen D\u00f6rflas.<\/span> <span style=\"color: #298436; font-size: 14pt;\">Dort wurde 1935 die Kirche urspr\u00fcnglich als Gutskapelle des ehemaligen Rittergutes D\u00f6rflas im Auftrage der damaligen Gutsbesitzer, einer Fabrikantenfamilie aus Gera, errichtet. Als Vorbild diente den Bauherren die Trinitatiskirche in Gera. 1945 ging die Kapelle im Zuge der Bodenreform in den Eigentum der Kirchengemeinde Crispendorf \u00fcber. Das Rittergut wurde durch die damaligen Machthaber 1948 zerst\u00f6rt, und nur die Kapelle blieb der Nachwelt erhalten. In den Jahren 1998 bis 1999 restaurierte eine Initiativgruppe die kleine, inzwischen reichlich zerfallene Kirche, in m\u00fchevoller Eigenarbeit. Am Pfingstmontag 1999 wurde das Gotteshaus auf dem Namen des Bischofs Nikolaus von Myra| neu geweiht. Seitdem dient sie den jetzigen aber auch ehemaligen Bewohnern von D\u00f6rflas wieder als Gotteshaus. Neben den monatlichen Gottesdiensten werden in der kleinen Kirche nach dem Einbau einer neuen elektronischen Orgel auch geistliche Abendmusiken abgehalten. Auch finden wieder Taufen und andere kirchliche Amtshandlungen statt.<\/span><\/p>\r\n<h2 style=\"text-align: center;\"><span style=\"color: #298436;\">Bitte helfen Sie<\/span><\/h2>\r\n<p><span style=\"color: #298436; font-size: 14pt;\">Selbst eine kleine Kapelle will unterhalten sein, Zufahrtswege m\u00fcssen instandgesetzt oder erneuert werden. Bitte helfen Sie dem F\u00f6rderverein der Nikolauskapelle D\u00f6rflas e.V. bei dieser Aufgabe, indem Sie auf das Konto des Vereins bei der Kreissparkasse Saale-Orla in Schleiz \u2013 BLZ: 83050505, Konto: 20109, IBAN: DE08830505050000020109, BIC: HELADEF1SOK \u2013 eine Spende einzahlen.<\/span><\/p>","protected":false},"excerpt":{"rendered":"<p>&nbsp; Die kleinste Kirche Mitteldeutschlands l\u00e4dt ein f\u00fcr 2026 Begrenzt durch die Saale und die Wisenta liegt auf halber Strecke zwischen Schleiz und Ziegenr\u00fcck am europ\u00e4ischen Fernwanderweg E3, in der N\u00e4he des Saale-Radwanderwegs und am Saale-Orla-Wanderweg malerisch in die Landschaft des Th\u00fcringer Vogtlandes eingebettet das kleine D\u00f6rfchen D\u00f6rflas. Dort wurde 1935 die Kirche urspr\u00fcnglich als<\/p>\n<p class=\"more-link\"><a href=\"https:\/\/nikolaus-kapelle-doerflas.de\/\" class=\"themebutton2\">Read More<\/a><\/p>\n","protected":false},"author":3,"featured_media":0,"parent":0,"menu_order":0,"comment_status":"closed","ping_status":"closed","template":"","meta":{"_mc_calendar":[],"footnotes":""},"categories":[],"tags":[],"class_list":["post-882","page","type-page","status-publish","hentry"],"_links":{"self":[{"href":"https:\/\/nikolaus-kapelle-doerflas.de\/index.php?rest_route=\/wp\/v2\/pages\/882","targetHints":{"allow":["GET"]}}],"collection":[{"href":"https:\/\/nikolaus-kapelle-doerflas.de\/index.php?rest_route=\/wp\/v2\/pages"}],"about":[{"href":"https:\/\/nikolaus-kapelle-doerflas.de\/index.php?rest_route=\/wp\/v2\/types\/page"}],"author":[{"embeddable":true,"href":"https:\/\/nikolaus-kapelle-doerflas.de\/index.php?rest_route=\/wp\/v2\/users\/3"}],"replies":[{"embeddable":true,"href":"https:\/\/nikolaus-kapelle-doerflas.de\/index.php?rest_route=%2Fwp%2Fv2%2Fcomments&post=882"}],"version-history":[{"count":51,"href":"https:\/\/nikolaus-kapelle-doerflas.de\/index.php?rest_route=\/wp\/v2\/pages\/882\/revisions"}],"predecessor-version":[{"id":2434,"href":"https:\/\/nikolaus-kapelle-doerflas.de\/index.php?rest_route=\/wp\/v2\/pages\/882\/revisions\/2434"}],"wp:attachment":[{"href":"https:\/\/nikolaus-kapelle-doerflas.de\/index.php?rest_route=%2Fwp%2Fv2%2Fmedia&parent=882"}],"wp:term":[{"taxonomy":"category","embeddable":true,"href":"https:\/\/nikolaus-kapelle-doerflas.de\/index.php?rest_route=%2Fwp%2Fv2%2Fcategories&post=882"},{"taxonomy":"post_tag","embeddable":true,"href":"https:\/\/nikolaus-kapelle-doerflas.de\/index.php?rest_route=%2Fwp%2Fv2%2Ftags&post=882"}],"curies":[{"name":"wp","href":"https:\/\/api.w.org\/{rel}","templated":true}]}}